is the highest common divisor of 496 and 1612?
124
What is the greatest common divisor of 336 and 40?
8
What is the greatest common factor of 340 and 1150?
10
What is the highest common factor of 22 and 550?
22
Calculate the greatest common factor of 5356 and 52.
52
What is the highest common divisor of 1189 and 82?
41
Calculate the highest common factor of 2369 and 23.
23
Calculate the greatest common factor of 532 and 56.
28
What is the greatest common divisor of 45 and 150?
15
What is the greatest common divisor of 459 and 63?
9
What is the greatest common factor of 2989 and 49?
49
What is the highest common factor of 23 and 46?
23
Calculate the greatest common factor of 28 and 266.
14
Calculate the highest common factor of 176 and 1870.
22
What is the highest common divisor of 16128 and 378?
126
What is the greatest common factor of 404 and 303?
101
Calculate the greatest common factor of 2044 and 70.
14
Calculate the greatest common factor of 34 and 2533.
17
What is the highest common divisor of 442 and 182?
26
Calculate the highest common divisor of 21 and 7.
7
What is the highest common divisor of 1870 and 17?
17
Calculate the greatest common divisor of 60163 and 17.
17
Calculate the greatest common factor of 360 and 100.
20
What is the highest common factor of 1840 and 400?
80
Calculate the highest common factor of 2353 and 39.
13
What is the greatest common factor of 387 and 18?
9
What is the greatest common factor of 224 and 14?
14
Calculate the greatest common factor of 8 and 412.
4
What is the highest common factor of 165 and 940?
5
What is the greatest common factor of 12 and 282?
6
What is the greatest common divisor of 56 and 350?
14
What is the highest common factor of 2 and 13570?
2
Calculate the greatest common factor of 348 and 852.
12
Calculate the highest common factor of 34047 and 1053.
351
Calculate the highest common divisor of 231 and 5115.
33
Calculate the highest common factor of 70 and 400.
10
Calculate the highest common factor of 34 and 3893.
17
Calculate the greatest common divisor of 74 and 74.
74
Calculate the highest common factor of 608 and 988.
76
What is the greatest common divisor of 1326 and 312?
78
What is the highest common factor of 90 and 162?
18
Calculate the highest common factor of 3686 and 194.
194
What is the highest common divisor of 1166 and 530?
106
What is the greatest common divisor of 518 and 322?
14
What is the greatest common divisor of 672 and 42?
42
Calculate the greatest common factor of 35 and 2835.
35
What is the highest common factor of 8 and 36?
4
Calculate the highest common factor of 340 and 40.
20
Calculate the greatest common divisor of 1017 and 63.
9
Calculate the highest common factor of 2784 and 29.
29
Calculate the greatest common factor of 10 and 1570.
10
What is the highest common divisor of 23 and 3197?
23
What is the greatest common divisor of 3876 and 1368?
228
What is the greatest common factor of 40 and 56?
8
What is the highest common divisor of 1110 and 30?
30
What is the highest common divisor of 6004 and 1422?
158
What is the greatest common divisor of 6825 and 91?
91
Calculate the highest common divisor of 116 and 400.
4
What is the highest common factor of 2233 and 14?
7
What is the greatest common divisor of 130 and 11674?
26
What is the highest common factor of 108 and 54?
54
What is the highest common factor of 10075 and 100?
25
Calculate the greatest common divisor of 24 and 96.
24
What is the highest common factor of 140 and 260?
20
Calculate the highest common factor of 6 and 2334.
6
What is the greatest common factor of 333 and 2627?
37
What is the highest common divisor of 1984 and 279?
31
Calculate the highest common divisor of 492 and 13407.
123
What is the highest common divisor of 170 and 10?
10
What is the highest common divisor of 1602 and 4?
2
What is the greatest common factor of 6110 and 188?
94
Calculate the highest common factor of 9 and 192.
3
Calculate the greatest common factor of 732 and 3.
3
Calculate the highest common divisor of 186 and 12.
6
Calculate the greatest common divisor of 36 and 126.
18
What is the highest common divisor of 19840 and 256?
128
Calculate the highest common divisor of 5 and 2095.
5
What is the highest common divisor of 52 and 52000?
52
What is the highest common divisor of 55 and 5335?
55
Calculate the greatest common factor of 1334 and 506.
46
What is the greatest common factor of 288 and 128?
32
Calculate the greatest common factor of 45 and 2871.
9
What is the greatest common factor of 80 and 632?
8
Calculate the highest common divisor of 27 and 18.
9
What is the highest common factor of 190 and 20?
10
What is the greatest common divisor of 138 and 736?
46
Calculate the highest common factor of 44 and 55.
11
Calculate the greatest common factor of 4605 and 30.
15
What is the greatest common divisor of 590 and 10?
10
What is the highest common factor of 12 and 256?
4
What is the highest common divisor of 480 and 2370?
30
Calculate the greatest common factor of 1127 and 49.
49
What is the highest common factor of 64 and 3568?
16
What is the greatest common factor of 365 and 115?
5
Calculate the greatest common divisor of 13 and 19487.
13
Calculate the greatest common factor of 1925 and 150.
25
What is the highest common divisor of 363 and 297?
33
Calculate the highest common factor of 1501 and 158.
79
Calculate the greatest common factor of 36 and 153.
9
Calculate the highest common divisor of 3703 and 161.
161
What is the greatest common factor of 105 and 42?
21
Calculate the greatest common divisor of 3 and 47.
1
Calculate the greatest common factor of 610 and 13786.
122
Calculate the greatest common divisor of 17 and 1241.
17
What is the greatest common divisor of 91 and 455?
91
What is the highest common divisor of 174 and 4814?
58
Calculate the highest common divisor of 109 and 13189.
109
Calculate the greatest common divisor of 703 and 1121.
19
What is the highest common divisor of 404 and 1717?
101
Calculate the greatest common factor of 64 and 224.
32
What is the highest common factor of 1196 and 161?
23
What is the highest common divisor of 7996 and 4?
4
Calculate the highest common divisor of 3126 and 12.
6
Calculate the greatest common divisor of 9070 and 50.
10
What is the greatest common divisor of 28 and 1190?
14
Calculate the highest common divisor of 56336 and 7.
7
Calculate the highest common factor of 91 and 2899.
13
Calculate the highest common divisor of 315 and 4788.
63
Calculate the greatest common factor of 70 and 2590.
70
Calculate the greatest common divisor of 70 and 140.
70
What is the highest common factor of 20 and 12?
4
What is the highest common factor of 2227 and 85?
17
What is the highest common factor of 531 and 708?
177
Calculate the greatest common factor of 18 and 261.
9
Calculate the highest common factor of 62 and 186.
62
Calculate the highest common factor of 4 and 44.
4
What is the greatest common factor of 56 and 21?
7
What is the highest common factor of 12 and 102?
6
What is the highest common factor of 2740 and 50?
10
What is the greatest common factor of 88 and 2266?
22
Calculate the greatest common factor of 5055 and 15.
15
Calculate the highest common divisor of 714 and 42.
42
Calculate the highest common factor of 3456 and 486.
54
Calculate the highest common factor of 16 and 4304.
16
Calculate the greatest common divisor of 405 and 135.
135
Calculate the highest common factor of 40 and 4920.
40
What is the highest common factor of 101 and 1313?
101
Calculate the greatest common factor of 368 and 414.
46
What is the greatest common factor of 412 and 4?
4
What is the greatest common divisor of 190 and 30?
10
Calculate the highest common factor of 774 and 54.
18
Calculate the greatest common divisor of 1232 and 2816.
176
What is the greatest common divisor of 882 and 1008?
126
Calculate the greatest common divisor of 10 and 90.
10
Calculate the highest common factor of 140 and 820.
20
What is the highest common divisor of 102 and 96?
6
Calculate the greatest common divisor of 30108 and 12.
12
Calculate the greatest common factor of 22 and 649.
11
Calculate the highest common factor of 34 and 680.
34
What is the highest common factor of 35 and 21?
7
What is th